{"id":222,"date":"2018-12-22T18:32:25","date_gmt":"2018-12-22T17:32:25","guid":{"rendered":"http:\/\/wordpress.sventa-spring.de\/?page_id=222"},"modified":"2019-01-22T13:04:11","modified_gmt":"2019-01-22T12:04:11","slug":"d-wurf-3-woche","status":"publish","type":"page","link":"http:\/\/wordpress.sventa-spring.de\/?page_id=222","title":{"rendered":"D-Wurf \/ 3. Woche"},"content":{"rendered":"\n<p>Nun ist auch die 3. Woche schon vor\u00fcber und die Kleinen wachsen und gedeihen pr\u00e4chtig. Die Wurfkiste wird langsam uninteressant und die n\u00e4here Umgebung wird neugierig be\u00e4ugt. Ausbruchsversuche nat\u00fcrlich inclusive. \ud83d\ude09 Die erste feste Nahrung haben sie jetzt auch schon bekommen und sind alle auf den Geschmack gekommen.<\/p>\n\n\n\n<p>hier nun die Impressionen der 3. Woche<\/p>\n\n\n\n<ul class=\"wp-block-gallery columns-3 is-cropped wp-block-gallery-1 is-layout-flex wp-block-gallery-is-layout-flex\"><li class=\"blocks-gallery-item\"><figure><img loading=\"lazy\" decoding=\"async\" width=\"1024\" height=\"680\" src=\"http:\/\/wordpress.sventa-spring.de\/wp-content\/uploads\/2019\/01\/DSC04162-Kopie-1024x680.jpg\" alt=\"\" data-id=\"293\" data-link=\"http:\/\/wordpress.sventa-spring.de\/?attachment_id=293#main\" class=\"wp-image-293\" srcset=\"http:\/\/wordpress.sventa-spring.de\/wp-content\/uploads\/2019\/01\/DSC04162-Kopie-1024x680.jpg 1024w, http:\/\/wordpress.sventa-spring.de\/wp-content\/uploads\/2019\/01\/DSC04162-Kopie-300x199.jpg 300w, http:\/\/wordpress.sventa-spring.de\/wp-content\/uploads\/2019\/01\/DSC04162-Kopie-768x510.jpg 768w, http:\/\/wordpress.sventa-spring.de\/wp-content\/uploads\/2019\/01\/DSC04162-Kopie-572x380.jpg 572w\" sizes=\"auto, (max-width: 1024px) 100vw, 1024px\" \/><\/figure><\/li><li class=\"blocks-gallery-item\"><figure><img loading=\"lazy\" decoding=\"async\" width=\"823\" height=\"1024\" src=\"http:\/\/wordpress.sventa-spring.de\/wp-content\/uploads\/2019\/01\/DSC04164-Kopie-823x1024.jpg\" alt=\"\" data-id=\"294\" data-link=\"http:\/\/wordpress.sventa-spring.de\/?attachment_id=294#main\" class=\"wp-image-294\" srcset=\"http:\/\/wordpress.sventa-spring.de\/wp-content\/uploads\/2019\/01\/DSC04164-Kopie-823x1024.jpg 823w, http:\/\/wordpress.sventa-spring.de\/wp-content\/uploads\/2019\/01\/DSC04164-Kopie-241x300.jpg 241w, http:\/\/wordpress.sventa-spring.de\/wp-content\/uploads\/2019\/01\/DSC04164-Kopie-768x956.jpg 768w, http:\/\/wordpress.sventa-spring.de\/wp-content\/uploads\/2019\/01\/DSC04164-Kopie-305x380.jpg 305w\" sizes=\"auto, (max-width: 823px) 100vw, 823px\" \/><\/figure><\/li><li class=\"blocks-gallery-item\"><figure><img loading=\"lazy\" decoding=\"async\" width=\"1024\" height=\"827\" src=\"http:\/\/wordpress.sventa-spring.de\/wp-content\/uploads\/2019\/01\/DSC04165-Kopie-1024x827.jpg\" alt=\"\" data-id=\"295\" data-link=\"http:\/\/wordpress.sventa-spring.de\/?attachment_id=295#main\" class=\"wp-image-295\" srcset=\"http:\/\/wordpress.sventa-spring.de\/wp-content\/uploads\/2019\/01\/DSC04165-Kopie-1024x827.jpg 1024w, http:\/\/wordpress.sventa-spring.de\/wp-content\/uploads\/2019\/01\/DSC04165-Kopie-300x242.jpg 300w, http:\/\/wordpress.sventa-spring.de\/wp-content\/uploads\/2019\/01\/DSC04165-Kopie-768x620.jpg 768w, http:\/\/wordpress.sventa-spring.de\/wp-content\/uploads\/2019\/01\/DSC04165-Kopie-471x380.jpg 471w\" sizes=\"auto, (max-width: 1024px) 100vw, 1024px\" \/><\/figure><\/li><li class=\"blocks-gallery-item\"><figure><img loading=\"lazy\" decoding=\"async\" width=\"1024\" height=\"712\" src=\"http:\/\/wordpress.sventa-spring.de\/wp-content\/uploads\/2019\/01\/DSC04177-Kopie-1024x712.jpg\" alt=\"\" data-id=\"296\" data-link=\"http:\/\/wordpress.sventa-spring.de\/?attachment_id=296#main\" class=\"wp-image-296\" srcset=\"http:\/\/wordpress.sventa-spring.de\/wp-content\/uploads\/2019\/01\/DSC04177-Kopie-1024x712.jpg 1024w, http:\/\/wordpress.sventa-spring.de\/wp-content\/uploads\/2019\/01\/DSC04177-Kopie-300x209.jpg 300w, http:\/\/wordpress.sventa-spring.de\/wp-content\/uploads\/2019\/01\/DSC04177-Kopie-768x534.jpg 768w, http:\/\/wordpress.sventa-spring.de\/wp-content\/uploads\/2019\/01\/DSC04177-Kopie-546x380.jpg 546w\" sizes=\"auto, (max-width: 1024px) 100vw, 1024px\" \/><\/figure><\/li><li class=\"blocks-gallery-item\"><figure><img loading=\"lazy\" decoding=\"async\" width=\"1024\" height=\"726\" src=\"http:\/\/wordpress.sventa-spring.de\/wp-content\/uploads\/2019\/01\/DSC04178-Kopie-1024x726.jpg\" alt=\"\" data-id=\"297\" data-link=\"http:\/\/wordpress.sventa-spring.de\/?attachment_id=297#main\" class=\"wp-image-297\" srcset=\"http:\/\/wordpress.sventa-spring.de\/wp-content\/uploads\/2019\/01\/DSC04178-Kopie-1024x726.jpg 1024w, http:\/\/wordpress.sventa-spring.de\/wp-content\/uploads\/2019\/01\/DSC04178-Kopie-300x213.jpg 300w, http:\/\/wordpress.sventa-spring.de\/wp-content\/uploads\/2019\/01\/DSC04178-Kopie-768x544.jpg 768w, http:\/\/wordpress.sventa-spring.de\/wp-content\/uploads\/2019\/01\/DSC04178-Kopie-536x380.jpg 536w\" sizes=\"auto, (max-width: 1024px) 100vw, 1024px\" \/><\/figure><\/li><li class=\"blocks-gallery-item\"><figure><img loading=\"lazy\" decoding=\"async\" width=\"1024\" height=\"599\" src=\"http:\/\/wordpress.sventa-spring.de\/wp-content\/uploads\/2019\/01\/DSC04180-Kopie-1024x599.jpg\" alt=\"\" data-id=\"298\" data-link=\"http:\/\/wordpress.sventa-spring.de\/?attachment_id=298#main\" class=\"wp-image-298\" srcset=\"http:\/\/wordpress.sventa-spring.de\/wp-content\/uploads\/2019\/01\/DSC04180-Kopie-1024x599.jpg 1024w, http:\/\/wordpress.sventa-spring.de\/wp-content\/uploads\/2019\/01\/DSC04180-Kopie-300x175.jpg 300w, http:\/\/wordpress.sventa-spring.de\/wp-content\/uploads\/2019\/01\/DSC04180-Kopie-768x449.jpg 768w, http:\/\/wordpress.sventa-spring.de\/wp-content\/uploads\/2019\/01\/DSC04180-Kopie-650x380.jpg 650w\" sizes=\"auto, (max-width: 1024px) 100vw, 1024px\" \/><\/figure><\/li><li class=\"blocks-gallery-item\"><figure><img loading=\"lazy\" decoding=\"async\" width=\"1024\" height=\"680\" src=\"http:\/\/wordpress.sventa-spring.de\/wp-content\/uploads\/2019\/01\/DSC04183-Kopie-1024x680.jpg\" alt=\"\" data-id=\"299\" data-link=\"http:\/\/wordpress.sventa-spring.de\/?attachment_id=299#main\" class=\"wp-image-299\" srcset=\"http:\/\/wordpress.sventa-spring.de\/wp-content\/uploads\/2019\/01\/DSC04183-Kopie-1024x680.jpg 1024w, http:\/\/wordpress.sventa-spring.de\/wp-content\/uploads\/2019\/01\/DSC04183-Kopie-300x199.jpg 300w, http:\/\/wordpress.sventa-spring.de\/wp-content\/uploads\/2019\/01\/DSC04183-Kopie-768x510.jpg 768w, http:\/\/wordpress.sventa-spring.de\/wp-content\/uploads\/2019\/01\/DSC04183-Kopie-572x380.jpg 572w\" sizes=\"auto, (max-width: 1024px) 100vw, 1024px\" \/><\/figure><\/li><li class=\"blocks-gallery-item\"><figure><img loading=\"lazy\" decoding=\"async\" width=\"1024\" height=\"680\" src=\"http:\/\/wordpress.sventa-spring.de\/wp-content\/uploads\/2019\/01\/DSC04186-Kopie-1024x680.jpg\" alt=\"\" data-id=\"300\" data-link=\"http:\/\/wordpress.sventa-spring.de\/?attachment_id=300#main\" class=\"wp-image-300\" srcset=\"http:\/\/wordpress.sventa-spring.de\/wp-content\/uploads\/2019\/01\/DSC04186-Kopie-1024x680.jpg 1024w, http:\/\/wordpress.sventa-spring.de\/wp-content\/uploads\/2019\/01\/DSC04186-Kopie-300x199.jpg 300w, http:\/\/wordpress.sventa-spring.de\/wp-content\/uploads\/2019\/01\/DSC04186-Kopie-768x510.jpg 768w, http:\/\/wordpress.sventa-spring.de\/wp-content\/uploads\/2019\/01\/DSC04186-Kopie-572x380.jpg 572w\" sizes=\"auto, (max-width: 1024px) 100vw, 1024px\" \/><\/figure><\/li><li class=\"blocks-gallery-item\"><figure><img loading=\"lazy\" decoding=\"async\" width=\"1024\" height=\"680\" src=\"http:\/\/wordpress.sventa-spring.de\/wp-content\/uploads\/2019\/01\/DSC04194-Kopie-1024x680.jpg\" alt=\"\" data-id=\"301\" data-link=\"http:\/\/wordpress.sventa-spring.de\/?attachment_id=301#main\" class=\"wp-image-301\" srcset=\"http:\/\/wordpress.sventa-spring.de\/wp-content\/uploads\/2019\/01\/DSC04194-Kopie-1024x680.jpg 1024w, http:\/\/wordpress.sventa-spring.de\/wp-content\/uploads\/2019\/01\/DSC04194-Kopie-300x199.jpg 300w, http:\/\/wordpress.sventa-spring.de\/wp-content\/uploads\/2019\/01\/DSC04194-Kopie-768x510.jpg 768w, http:\/\/wordpress.sventa-spring.de\/wp-content\/uploads\/2019\/01\/DSC04194-Kopie-572x380.jpg 572w\" sizes=\"auto, (max-width: 1024px) 100vw, 1024px\" \/><\/figure><\/li><li class=\"blocks-gallery-item\"><figure><img loading=\"lazy\" decoding=\"async\" width=\"1024\" height=\"813\" src=\"http:\/\/wordpress.sventa-spring.de\/wp-content\/uploads\/2019\/01\/DSC04217-Kopie-Kopie-1024x813.jpg\" alt=\"\" data-id=\"302\" data-link=\"http:\/\/wordpress.sventa-spring.de\/?attachment_id=302#main\" class=\"wp-image-302\" srcset=\"http:\/\/wordpress.sventa-spring.de\/wp-content\/uploads\/2019\/01\/DSC04217-Kopie-Kopie-1024x813.jpg 1024w, http:\/\/wordpress.sventa-spring.de\/wp-content\/uploads\/2019\/01\/DSC04217-Kopie-Kopie-300x238.jpg 300w, http:\/\/wordpress.sventa-spring.de\/wp-content\/uploads\/2019\/01\/DSC04217-Kopie-Kopie-768x610.jpg 768w, http:\/\/wordpress.sventa-spring.de\/wp-content\/uploads\/2019\/01\/DSC04217-Kopie-Kopie-479x380.jpg 479w\" sizes=\"auto, (max-width: 1024px) 100vw, 1024px\" \/><\/figure><\/li><li class=\"blocks-gallery-item\"><figure><img loading=\"lazy\" decoding=\"async\" width=\"1024\" height=\"726\" src=\"http:\/\/wordpress.sventa-spring.de\/wp-content\/uploads\/2019\/01\/DSC04222-Kopie-1024x726.jpg\" alt=\"\" data-id=\"303\" data-link=\"http:\/\/wordpress.sventa-spring.de\/?attachment_id=303#main\" class=\"wp-image-303\" srcset=\"http:\/\/wordpress.sventa-spring.de\/wp-content\/uploads\/2019\/01\/DSC04222-Kopie-1024x726.jpg 1024w, http:\/\/wordpress.sventa-spring.de\/wp-content\/uploads\/2019\/01\/DSC04222-Kopie-300x213.jpg 300w, http:\/\/wordpress.sventa-spring.de\/wp-content\/uploads\/2019\/01\/DSC04222-Kopie-768x545.jpg 768w, http:\/\/wordpress.sventa-spring.de\/wp-content\/uploads\/2019\/01\/DSC04222-Kopie-536x380.jpg 536w\" sizes=\"auto, (max-width: 1024px) 100vw, 1024px\" \/><\/figure><\/li><li class=\"blocks-gallery-item\"><figure><img loading=\"lazy\" decoding=\"async\" width=\"1024\" height=\"680\" src=\"http:\/\/wordpress.sventa-spring.de\/wp-content\/uploads\/2019\/01\/DSC04230-Kopie-1024x680.jpg\" alt=\"\" data-id=\"304\" data-link=\"http:\/\/wordpress.sventa-spring.de\/?attachment_id=304#main\" class=\"wp-image-304\" srcset=\"http:\/\/wordpress.sventa-spring.de\/wp-content\/uploads\/2019\/01\/DSC04230-Kopie-1024x680.jpg 1024w, http:\/\/wordpress.sventa-spring.de\/wp-content\/uploads\/2019\/01\/DSC04230-Kopie-300x199.jpg 300w, http:\/\/wordpress.sventa-spring.de\/wp-content\/uploads\/2019\/01\/DSC04230-Kopie-768x510.jpg 768w, http:\/\/wordpress.sventa-spring.de\/wp-content\/uploads\/2019\/01\/DSC04230-Kopie-572x380.jpg 572w\" sizes=\"auto, (max-width: 1024px) 100vw, 1024px\" \/><\/figure><\/li><li class=\"blocks-gallery-item\"><figure><img loading=\"lazy\" decoding=\"async\" width=\"976\" height=\"1024\" src=\"http:\/\/wordpress.sventa-spring.de\/wp-content\/uploads\/2019\/01\/DSC04250-Kopie-976x1024.jpg\" alt=\"\" data-id=\"305\" data-link=\"http:\/\/wordpress.sventa-spring.de\/?attachment_id=305#main\" class=\"wp-image-305\" srcset=\"http:\/\/wordpress.sventa-spring.de\/wp-content\/uploads\/2019\/01\/DSC04250-Kopie-976x1024.jpg 976w, http:\/\/wordpress.sventa-spring.de\/wp-content\/uploads\/2019\/01\/DSC04250-Kopie-286x300.jpg 286w, http:\/\/wordpress.sventa-spring.de\/wp-content\/uploads\/2019\/01\/DSC04250-Kopie-768x806.jpg 768w, http:\/\/wordpress.sventa-spring.de\/wp-content\/uploads\/2019\/01\/DSC04250-Kopie-362x380.jpg 362w\" sizes=\"auto, (max-width: 976px) 100vw, 976px\" \/><\/figure><\/li><li class=\"blocks-gallery-item\"><figure><img loading=\"lazy\" decoding=\"async\" width=\"1024\" height=\"680\" src=\"http:\/\/wordpress.sventa-spring.de\/wp-content\/uploads\/2019\/01\/DSC04258-Kopie-1024x680.jpg\" alt=\"\" data-id=\"306\" data-link=\"http:\/\/wordpress.sventa-spring.de\/?attachment_id=306#main\" class=\"wp-image-306\" srcset=\"http:\/\/wordpress.sventa-spring.de\/wp-content\/uploads\/2019\/01\/DSC04258-Kopie-1024x680.jpg 1024w, http:\/\/wordpress.sventa-spring.de\/wp-content\/uploads\/2019\/01\/DSC04258-Kopie-300x199.jpg 300w, http:\/\/wordpress.sventa-spring.de\/wp-content\/uploads\/2019\/01\/DSC04258-Kopie-768x510.jpg 768w, http:\/\/wordpress.sventa-spring.de\/wp-content\/uploads\/2019\/01\/DSC04258-Kopie-572x380.jpg 572w\" sizes=\"auto, (max-width: 1024px) 100vw, 1024px\" \/><\/figure><\/li><li class=\"blocks-gallery-item\"><figure><img loading=\"lazy\" decoding=\"async\" width=\"1024\" height=\"680\" src=\"http:\/\/wordpress.sventa-spring.de\/wp-content\/uploads\/2019\/01\/DSC04268-Kopie-1024x680.jpg\" alt=\"\" data-id=\"307\" data-link=\"http:\/\/wordpress.sventa-spring.de\/?attachment_id=307#main\" class=\"wp-image-307\" srcset=\"http:\/\/wordpress.sventa-spring.de\/wp-content\/uploads\/2019\/01\/DSC04268-Kopie-1024x680.jpg 1024w, http:\/\/wordpress.sventa-spring.de\/wp-content\/uploads\/2019\/01\/DSC04268-Kopie-300x199.jpg 300w, http:\/\/wordpress.sventa-spring.de\/wp-content\/uploads\/2019\/01\/DSC04268-Kopie-768x510.jpg 768w, http:\/\/wordpress.sventa-spring.de\/wp-content\/uploads\/2019\/01\/DSC04268-Kopie-572x380.jpg 572w\" sizes=\"auto, (max-width: 1024px) 100vw, 1024px\" \/><\/figure><\/li><li class=\"blocks-gallery-item\"><figure><img loading=\"lazy\" decoding=\"async\" width=\"1024\" height=\"680\" src=\"http:\/\/wordpress.sventa-spring.de\/wp-content\/uploads\/2019\/01\/DSC04276-Kopie-1024x680.jpg\" alt=\"\" data-id=\"308\" data-link=\"http:\/\/wordpress.sventa-spring.de\/?attachment_id=308#main\" class=\"wp-image-308\" srcset=\"http:\/\/wordpress.sventa-spring.de\/wp-content\/uploads\/2019\/01\/DSC04276-Kopie-1024x680.jpg 1024w, http:\/\/wordpress.sventa-spring.de\/wp-content\/uploads\/2019\/01\/DSC04276-Kopie-300x199.jpg 300w, http:\/\/wordpress.sventa-spring.de\/wp-content\/uploads\/2019\/01\/DSC04276-Kopie-768x510.jpg 768w, http:\/\/wordpress.sventa-spring.de\/wp-content\/uploads\/2019\/01\/DSC04276-Kopie-572x380.jpg 572w\" sizes=\"auto, (max-width: 1024px) 100vw, 1024px\" \/><\/figure><\/li><li class=\"blocks-gallery-item\"><figure><img loading=\"lazy\" decoding=\"async\" width=\"1024\" height=\"680\" src=\"http:\/\/wordpress.sventa-spring.de\/wp-content\/uploads\/2019\/01\/DSC04280-Kopie-1024x680.jpg\" alt=\"\" data-id=\"309\" data-link=\"http:\/\/wordpress.sventa-spring.de\/?attachment_id=309#main\" class=\"wp-image-309\" srcset=\"http:\/\/wordpress.sventa-spring.de\/wp-content\/uploads\/2019\/01\/DSC04280-Kopie-1024x680.jpg 1024w, http:\/\/wordpress.sventa-spring.de\/wp-content\/uploads\/2019\/01\/DSC04280-Kopie-300x199.jpg 300w, http:\/\/wordpress.sventa-spring.de\/wp-content\/uploads\/2019\/01\/DSC04280-Kopie-768x510.jpg 768w, http:\/\/wordpress.sventa-spring.de\/wp-content\/uploads\/2019\/01\/DSC04280-Kopie-572x380.jpg 572w\" sizes=\"auto, (max-width: 1024px) 100vw, 1024px\" \/><\/figure><\/li><li class=\"blocks-gallery-item\"><figure><img loading=\"lazy\" decoding=\"async\" width=\"1024\" height=\"680\" src=\"http:\/\/wordpress.sventa-spring.de\/wp-content\/uploads\/2019\/01\/DSC04292-Kopie-1024x680.jpg\" alt=\"\" data-id=\"310\" data-link=\"http:\/\/wordpress.sventa-spring.de\/?attachment_id=310#main\" class=\"wp-image-310\" srcset=\"http:\/\/wordpress.sventa-spring.de\/wp-content\/uploads\/2019\/01\/DSC04292-Kopie-1024x680.jpg 1024w, http:\/\/wordpress.sventa-spring.de\/wp-content\/uploads\/2019\/01\/DSC04292-Kopie-300x199.jpg 300w, http:\/\/wordpress.sventa-spring.de\/wp-content\/uploads\/2019\/01\/DSC04292-Kopie-768x510.jpg 768w, http:\/\/wordpress.sventa-spring.de\/wp-content\/uploads\/2019\/01\/DSC04292-Kopie-572x380.jpg 572w\" sizes=\"auto, (max-width: 1024px) 100vw, 1024px\" \/><\/figure><\/li><li class=\"blocks-gallery-item\"><figure><img loading=\"lazy\" decoding=\"async\" width=\"1024\" height=\"680\" src=\"http:\/\/wordpress.sventa-spring.de\/wp-content\/uploads\/2019\/01\/DSC04298-Kopie-1024x680.jpg\" alt=\"\" data-id=\"311\" data-link=\"http:\/\/wordpress.sventa-spring.de\/?attachment_id=311#main\" class=\"wp-image-311\" srcset=\"http:\/\/wordpress.sventa-spring.de\/wp-content\/uploads\/2019\/01\/DSC04298-Kopie-1024x680.jpg 1024w, http:\/\/wordpress.sventa-spring.de\/wp-content\/uploads\/2019\/01\/DSC04298-Kopie-300x199.jpg 300w, http:\/\/wordpress.sventa-spring.de\/wp-content\/uploads\/2019\/01\/DSC04298-Kopie-768x510.jpg 768w, http:\/\/wordpress.sventa-spring.de\/wp-content\/uploads\/2019\/01\/DSC04298-Kopie-572x380.jpg 572w\" sizes=\"auto, (max-width: 1024px) 100vw, 1024px\" \/><\/figure><\/li><li class=\"blocks-gallery-item\"><figure><img loading=\"lazy\" decoding=\"async\" width=\"1024\" height=\"714\" src=\"http:\/\/wordpress.sventa-spring.de\/wp-content\/uploads\/2019\/01\/DSC04300-Kopie-1024x714.jpg\" alt=\"\" data-id=\"312\" data-link=\"http:\/\/wordpress.sventa-spring.de\/?attachment_id=312#main\" class=\"wp-image-312\" srcset=\"http:\/\/wordpress.sventa-spring.de\/wp-content\/uploads\/2019\/01\/DSC04300-Kopie-1024x714.jpg 1024w, http:\/\/wordpress.sventa-spring.de\/wp-content\/uploads\/2019\/01\/DSC04300-Kopie-300x209.jpg 300w, http:\/\/wordpress.sventa-spring.de\/wp-content\/uploads\/2019\/01\/DSC04300-Kopie-768x536.jpg 768w, http:\/\/wordpress.sventa-spring.de\/wp-content\/uploads\/2019\/01\/DSC04300-Kopie-545x380.jpg 545w\" sizes=\"auto, (max-width: 1024px) 100vw, 1024px\" \/><\/figure><\/li><li class=\"blocks-gallery-item\"><figure><img loading=\"lazy\" decoding=\"async\" width=\"1024\" height=\"883\" src=\"http:\/\/wordpress.sventa-spring.de\/wp-content\/uploads\/2019\/01\/DSC04304-Kopie-1024x883.jpg\" alt=\"\" data-id=\"313\" data-link=\"http:\/\/wordpress.sventa-spring.de\/?attachment_id=313#main\" class=\"wp-image-313\" srcset=\"http:\/\/wordpress.sventa-spring.de\/wp-content\/uploads\/2019\/01\/DSC04304-Kopie-1024x883.jpg 1024w, http:\/\/wordpress.sventa-spring.de\/wp-content\/uploads\/2019\/01\/DSC04304-Kopie-300x259.jpg 300w, http:\/\/wordpress.sventa-spring.de\/wp-content\/uploads\/2019\/01\/DSC04304-Kopie-768x662.jpg 768w, http:\/\/wordpress.sventa-spring.de\/wp-content\/uploads\/2019\/01\/DSC04304-Kopie-441x380.jpg 441w\" sizes=\"auto, (max-width: 1024px) 100vw, 1024px\" \/><\/figure><\/li><li class=\"blocks-gallery-item\"><figure><img loading=\"lazy\" decoding=\"async\" width=\"1024\" height=\"680\" src=\"http:\/\/wordpress.sventa-spring.de\/wp-content\/uploads\/2019\/01\/DSC04305-Kopie-1024x680.jpg\" alt=\"\" data-id=\"314\" data-link=\"http:\/\/wordpress.sventa-spring.de\/?attachment_id=314#main\" class=\"wp-image-314\" srcset=\"http:\/\/wordpress.sventa-spring.de\/wp-content\/uploads\/2019\/01\/DSC04305-Kopie-1024x680.jpg 1024w, http:\/\/wordpress.sventa-spring.de\/wp-content\/uploads\/2019\/01\/DSC04305-Kopie-300x199.jpg 300w, http:\/\/wordpress.sventa-spring.de\/wp-content\/uploads\/2019\/01\/DSC04305-Kopie-768x510.jpg 768w, http:\/\/wordpress.sventa-spring.de\/wp-content\/uploads\/2019\/01\/DSC04305-Kopie-572x380.jpg 572w\" sizes=\"auto, (max-width: 1024px) 100vw, 1024px\" \/><\/figure><\/li><li class=\"blocks-gallery-item\"><figure><img loading=\"lazy\" decoding=\"async\" width=\"1024\" height=\"680\" src=\"http:\/\/wordpress.sventa-spring.de\/wp-content\/uploads\/2019\/01\/DSC04312-1024x680.jpg\" alt=\"\" data-id=\"315\" data-link=\"http:\/\/wordpress.sventa-spring.de\/?attachment_id=315#main\" class=\"wp-image-315\" srcset=\"http:\/\/wordpress.sventa-spring.de\/wp-content\/uploads\/2019\/01\/DSC04312-1024x680.jpg 1024w, http:\/\/wordpress.sventa-spring.de\/wp-content\/uploads\/2019\/01\/DSC04312-300x199.jpg 300w, http:\/\/wordpress.sventa-spring.de\/wp-content\/uploads\/2019\/01\/DSC04312-768x510.jpg 768w, http:\/\/wordpress.sventa-spring.de\/wp-content\/uploads\/2019\/01\/DSC04312-572x380.jpg 572w\" sizes=\"auto, (max-width: 1024px) 100vw, 1024px\" \/><\/figure><\/li><li class=\"blocks-gallery-item\"><figure><img loading=\"lazy\" decoding=\"async\" width=\"1024\" height=\"680\" src=\"http:\/\/wordpress.sventa-spring.de\/wp-content\/uploads\/2019\/01\/DSC04313-1024x680.jpg\" alt=\"\" data-id=\"316\" data-link=\"http:\/\/wordpress.sventa-spring.de\/?attachment_id=316#main\" class=\"wp-image-316\" srcset=\"http:\/\/wordpress.sventa-spring.de\/wp-content\/uploads\/2019\/01\/DSC04313-1024x680.jpg 1024w, http:\/\/wordpress.sventa-spring.de\/wp-content\/uploads\/2019\/01\/DSC04313-300x199.jpg 300w, http:\/\/wordpress.sventa-spring.de\/wp-content\/uploads\/2019\/01\/DSC04313-768x510.jpg 768w, http:\/\/wordpress.sventa-spring.de\/wp-content\/uploads\/2019\/01\/DSC04313-572x380.jpg 572w\" sizes=\"auto, (max-width: 1024px) 100vw, 1024px\" \/><\/figure><\/li><li class=\"blocks-gallery-item\"><figure><img loading=\"lazy\" decoding=\"async\" width=\"1024\" height=\"680\" src=\"http:\/\/wordpress.sventa-spring.de\/wp-content\/uploads\/2019\/01\/DSC04322-1024x680.jpg\" alt=\"\" data-id=\"317\" data-link=\"http:\/\/wordpress.sventa-spring.de\/?attachment_id=317#main\" class=\"wp-image-317\" srcset=\"http:\/\/wordpress.sventa-spring.de\/wp-content\/uploads\/2019\/01\/DSC04322-1024x680.jpg 1024w, http:\/\/wordpress.sventa-spring.de\/wp-content\/uploads\/2019\/01\/DSC04322-300x199.jpg 300w, http:\/\/wordpress.sventa-spring.de\/wp-content\/uploads\/2019\/01\/DSC04322-768x510.jpg 768w, http:\/\/wordpress.sventa-spring.de\/wp-content\/uploads\/2019\/01\/DSC04322-572x380.jpg 572w\" sizes=\"auto, (max-width: 1024px) 100vw, 1024px\" \/><\/figure><\/li><li class=\"blocks-gallery-item\"><figure><img loading=\"lazy\" decoding=\"async\" width=\"1024\" height=\"680\" src=\"http:\/\/wordpress.sventa-spring.de\/wp-content\/uploads\/2019\/01\/DSC04332-1024x680.jpg\" alt=\"\" data-id=\"318\" data-link=\"http:\/\/wordpress.sventa-spring.de\/?attachment_id=318#main\" class=\"wp-image-318\" srcset=\"http:\/\/wordpress.sventa-spring.de\/wp-content\/uploads\/2019\/01\/DSC04332-1024x680.jpg 1024w, http:\/\/wordpress.sventa-spring.de\/wp-content\/uploads\/2019\/01\/DSC04332-300x199.jpg 300w, http:\/\/wordpress.sventa-spring.de\/wp-content\/uploads\/2019\/01\/DSC04332-768x510.jpg 768w, http:\/\/wordpress.sventa-spring.de\/wp-content\/uploads\/2019\/01\/DSC04332-572x380.jpg 572w\" sizes=\"auto, (max-width: 1024px) 100vw, 1024px\" \/><\/figure><\/li><li class=\"blocks-gallery-item\"><figure><img loading=\"lazy\" decoding=\"async\" width=\"874\" height=\"1024\" src=\"http:\/\/wordpress.sventa-spring.de\/wp-content\/uploads\/2019\/01\/DSC04334-874x1024.jpg\" alt=\"\" data-id=\"319\" data-link=\"http:\/\/wordpress.sventa-spring.de\/?attachment_id=319#main\" class=\"wp-image-319\" srcset=\"http:\/\/wordpress.sventa-spring.de\/wp-content\/uploads\/2019\/01\/DSC04334-874x1024.jpg 874w, http:\/\/wordpress.sventa-spring.de\/wp-content\/uploads\/2019\/01\/DSC04334-256x300.jpg 256w, http:\/\/wordpress.sventa-spring.de\/wp-content\/uploads\/2019\/01\/DSC04334-768x900.jpg 768w, http:\/\/wordpress.sventa-spring.de\/wp-content\/uploads\/2019\/01\/DSC04334-324x380.jpg 324w, http:\/\/wordpress.sventa-spring.de\/wp-content\/uploads\/2019\/01\/DSC04334.jpg 1369w\" sizes=\"auto, (max-width: 874px) 100vw, 874px\" \/><\/figure><\/li><\/ul>\n","protected":false},"excerpt":{"rendered":"<p>Nun ist auch die 3. Woche schon vor\u00fcber und die Kleinen wachsen und gedeihen pr\u00e4chtig. Die Wurfkiste wird langsam uninteressant und die n\u00e4here Umgebung wird neugierig be\u00e4ugt. Ausbruchsversuche nat\u00fcrlich inclusive. \ud83d\ude09 Die erste feste Nahrung haben sie jetzt auch schon bekommen und sind alle auf den Geschmack gekommen. hier nun die Impressionen der 3. Woche<\/p>\n","protected":false},"author":1,"featured_media":0,"parent":0,"menu_order":0,"comment_status":"closed","ping_status":"closed","template":"","meta":{"footnotes":""},"class_list":["post-222","page","type-page","status-publish","hentry","without-featured-image"],"_links":{"self":[{"href":"http:\/\/wordpress.sventa-spring.de\/index.php?rest_route=\/wp\/v2\/pages\/222","targetHints":{"allow":["GET"]}}],"collection":[{"href":"http:\/\/wordpress.sventa-spring.de\/index.php?rest_route=\/wp\/v2\/pages"}],"about":[{"href":"http:\/\/wordpress.sventa-spring.de\/index.php?rest_route=\/wp\/v2\/types\/page"}],"author":[{"embeddable":true,"href":"http:\/\/wordpress.sventa-spring.de\/index.php?rest_route=\/wp\/v2\/users\/1"}],"replies":[{"embeddable":true,"href":"http:\/\/wordpress.sventa-spring.de\/index.php?rest_route=%2Fwp%2Fv2%2Fcomments&post=222"}],"version-history":[{"count":3,"href":"http:\/\/wordpress.sventa-spring.de\/index.php?rest_route=\/wp\/v2\/pages\/222\/revisions"}],"predecessor-version":[{"id":320,"href":"http:\/\/wordpress.sventa-spring.de\/index.php?rest_route=\/wp\/v2\/pages\/222\/revisions\/320"}],"wp:attachment":[{"href":"http:\/\/wordpress.sventa-spring.de\/index.php?rest_route=%2Fwp%2Fv2%2Fmedia&parent=222"}],"curies":[{"name":"wp","href":"https:\/\/api.w.org\/{rel}","templated":true}]}}