{"id":15,"date":"2018-12-04T18:36:56","date_gmt":"2018-12-04T18:36:56","guid":{"rendered":"http:\/\/wordpress.sventa-spring.de\/?page_id=15"},"modified":"2021-04-01T19:38:21","modified_gmt":"2021-04-01T18:38:21","slug":"aktueller-wurf","status":"publish","type":"page","link":"http:\/\/wordpress.sventa-spring.de\/?page_id=15","title":{"rendered":"D-Wurf"},"content":{"rendered":"\n<p>Wir erwarten Ende Dezember unseren D-Wurf<\/p>\n\n\n\n<p>Orion\u00b4s Belt Classy Clipper &#8222;Dexter&#8220; x Call Me Lilu of Sventa Spring &#8222;Lilu&#8220;<\/p>\n\n\n\n<p>Decktag: 26.\/27.10.2018&nbsp; &nbsp; &nbsp; &nbsp; &nbsp; &nbsp; &nbsp; &nbsp; &nbsp; &nbsp; &nbsp; &nbsp; &nbsp; &nbsp;Wurftag: ca. 29.12.2018<\/p>\n\n\n\n<ul class=\"wp-block-gallery columns-2 is-cropped wp-block-gallery-1 is-layout-flex wp-block-gallery-is-layout-flex\"><li class=\"blocks-gallery-item\"><figure><img loading=\"lazy\" decoding=\"async\" width=\"1024\" height=\"580\" src=\"http:\/\/wordpress.sventa-spring.de\/wp-content\/uploads\/2018\/12\/IMG-20181028-WA0005-1024x580.jpg\" alt=\"\" data-id=\"117\" data-link=\"http:\/\/wordpress.sventa-spring.de\/?attachment_id=117\" class=\"wp-image-117\" srcset=\"http:\/\/wordpress.sventa-spring.de\/wp-content\/uploads\/2018\/12\/IMG-20181028-WA0005-1024x580.jpg 1024w, http:\/\/wordpress.sventa-spring.de\/wp-content\/uploads\/2018\/12\/IMG-20181028-WA0005-300x170.jpg 300w, http:\/\/wordpress.sventa-spring.de\/wp-content\/uploads\/2018\/12\/IMG-20181028-WA0005-768x435.jpg 768w, http:\/\/wordpress.sventa-spring.de\/wp-content\/uploads\/2018\/12\/IMG-20181028-WA0005-671x380.jpg 671w, http:\/\/wordpress.sventa-spring.de\/wp-content\/uploads\/2018\/12\/IMG-20181028-WA0005.jpg 1125w\" sizes=\"auto, (max-width: 1024px) 100vw, 1024px\" \/><\/figure><\/li><li class=\"blocks-gallery-item\"><figure><img loading=\"lazy\" decoding=\"async\" width=\"1024\" height=\"742\" src=\"http:\/\/wordpress.sventa-spring.de\/wp-content\/uploads\/2018\/12\/DSC02687-1-1024x742.jpg\" alt=\"\" data-id=\"205\" data-link=\"http:\/\/wordpress.sventa-spring.de\/?attachment_id=205#main\" class=\"wp-image-205\" srcset=\"http:\/\/wordpress.sventa-spring.de\/wp-content\/uploads\/2018\/12\/DSC02687-1-1024x742.jpg 1024w, http:\/\/wordpress.sventa-spring.de\/wp-content\/uploads\/2018\/12\/DSC02687-1-300x217.jpg 300w, http:\/\/wordpress.sventa-spring.de\/wp-content\/uploads\/2018\/12\/DSC02687-1-768x557.jpg 768w, http:\/\/wordpress.sventa-spring.de\/wp-content\/uploads\/2018\/12\/DSC02687-1-524x380.jpg 524w\" sizes=\"auto, (max-width: 1024px) 100vw, 1024px\" \/><\/figure><\/li><\/ul>\n\n\n\n<p>F\u00fcr Lilus ersten Wurf haben wir uns f\u00fcr Dexter entschieden. Dexter besticht durch sein ruhiges und sehr freundliches Wesen, er ist allem Neuen sehr zug\u00e4nglich ohne aufdringlich zu sein und durch seine ruhige Art erg\u00e4nzt er Lilus freudig \u00fcberdrehtes Wesen perfekt.&nbsp; Dexter ist mischerbig und so erwarten wir in unserem D-Wurf braune und schwarze Tupfenkinder.<\/p>\n\n\n\n<p><strong>Ahnentafel der Welpen<\/strong><\/p>\n\n\n\n<figure class=\"wp-block-image\"><a href=\"http:\/\/wordpress.sventa-spring.de\/wp-content\/uploads\/2019\/02\/0001.jpg\"><img loading=\"lazy\" decoding=\"async\" width=\"3509\" height=\"2480\" src=\"http:\/\/wordpress.sventa-spring.de\/wp-content\/uploads\/2019\/02\/0001.jpg\" alt=\"\" class=\"wp-image-355\" srcset=\"http:\/\/wordpress.sventa-spring.de\/wp-content\/uploads\/2019\/02\/0001.jpg 3509w, http:\/\/wordpress.sventa-spring.de\/wp-content\/uploads\/2019\/02\/0001-300x212.jpg 300w, http:\/\/wordpress.sventa-spring.de\/wp-content\/uploads\/2019\/02\/0001-768x543.jpg 768w, http:\/\/wordpress.sventa-spring.de\/wp-content\/uploads\/2019\/02\/0001-1024x724.jpg 1024w, http:\/\/wordpress.sventa-spring.de\/wp-content\/uploads\/2019\/02\/0001-538x380.jpg 538w\" sizes=\"auto, (max-width: 3509px) 100vw, 3509px\" \/><\/a><\/figure>\n","protected":false},"excerpt":{"rendered":"<p>Wir erwarten Ende Dezember unseren D-Wurf Orion\u00b4s Belt Classy Clipper &#8222;Dexter&#8220; x Call Me Lilu of Sventa Spring &#8222;Lilu&#8220; Decktag: 26.\/27.10.2018&nbsp; &nbsp; &nbsp; &nbsp; &nbsp; &nbsp; &nbsp; &nbsp; &nbsp; &nbsp; &nbsp; &nbsp; &nbsp; &nbsp;Wurftag: ca. 29.12.2018 F\u00fcr Lilus ersten Wurf haben wir uns f\u00fcr Dexter entschieden. Dexter besticht durch sein ruhiges und sehr freundliches Wesen, &hellip; <a href=\"http:\/\/wordpress.sventa-spring.de\/?page_id=15\" class=\"more-link\">Weiterlesen <span class=\"screen-reader-text\">D-Wurf<\/span><\/a><\/p>\n","protected":false},"author":1,"featured_media":62,"parent":0,"menu_order":0,"comment_status":"closed","ping_status":"closed","template":"","meta":{"footnotes":""},"class_list":["post-15","page","type-page","status-publish","has-post-thumbnail","hentry","with-featured-image"],"_links":{"self":[{"href":"http:\/\/wordpress.sventa-spring.de\/index.php?rest_route=\/wp\/v2\/pages\/15","targetHints":{"allow":["GET"]}}],"collection":[{"href":"http:\/\/wordpress.sventa-spring.de\/index.php?rest_route=\/wp\/v2\/pages"}],"about":[{"href":"http:\/\/wordpress.sventa-spring.de\/index.php?rest_route=\/wp\/v2\/types\/page"}],"author":[{"embeddable":true,"href":"http:\/\/wordpress.sventa-spring.de\/index.php?rest_route=\/wp\/v2\/users\/1"}],"replies":[{"embeddable":true,"href":"http:\/\/wordpress.sventa-spring.de\/index.php?rest_route=%2Fwp%2Fv2%2Fcomments&post=15"}],"version-history":[{"count":6,"href":"http:\/\/wordpress.sventa-spring.de\/index.php?rest_route=\/wp\/v2\/pages\/15\/revisions"}],"predecessor-version":[{"id":692,"href":"http:\/\/wordpress.sventa-spring.de\/index.php?rest_route=\/wp\/v2\/pages\/15\/revisions\/692"}],"wp:featuredmedia":[{"embeddable":true,"href":"http:\/\/wordpress.sventa-spring.de\/index.php?rest_route=\/wp\/v2\/media\/62"}],"wp:attachment":[{"href":"http:\/\/wordpress.sventa-spring.de\/index.php?rest_route=%2Fwp%2Fv2%2Fmedia&parent=15"}],"curies":[{"name":"wp","href":"https:\/\/api.w.org\/{rel}","templated":true}]}}

<p>Wir erwarten Ende Dezember unseren D-Wurf</p>



<p>Orion´s Belt Classy Clipper &#8222;Dexter&#8220; x Call Me Lilu of Sventa Spring &#8222;Lilu&#8220;</p>



<p>Decktag: 26./27.10.2018&nbsp; &nbsp; &nbsp; &nbsp; &nbsp; &nbsp; &nbsp; &nbsp; &nbsp; &nbsp; &nbsp; &nbsp; &nbsp; &nbsp;Wurftag: ca. 29.12.2018</p>



<ul class="wp-block-gallery columns-2 is-cropped wp-block-gallery-1 is-layout-flex wp-block-gallery-is-layout-flex"><li class="blocks-gallery-item"><figure><img loading="lazy" decoding="async" width="1024" height="580" src="http://wordpress.sventa-spring.de/wp-content/uploads/2018/12/IMG-20181028-WA0005-1024x580.jpg" alt="" data-id="117" data-link="http://wordpress.sventa-spring.de/?attachment_id=117" class="wp-image-117" srcset="http://wordpress.sventa-spring.de/wp-content/uploads/2018/12/IMG-20181028-WA0005-1024x580.jpg 1024w, http://wordpress.sventa-spring.de/wp-content/uploads/2018/12/IMG-20181028-WA0005-300x170.jpg 300w, http://wordpress.sventa-spring.de/wp-content/uploads/2018/12/IMG-20181028-WA0005-768x435.jpg 768w, http://wordpress.sventa-spring.de/wp-content/uploads/2018/12/IMG-20181028-WA0005-671x380.jpg 671w, http://wordpress.sventa-spring.de/wp-content/uploads/2018/12/IMG-20181028-WA0005.jpg 1125w" sizes="auto, (max-width: 1024px) 100vw, 1024px" /></figure></li><li class="blocks-gallery-item"><figure><img loading="lazy" decoding="async" width="1024" height="742" src="http://wordpress.sventa-spring.de/wp-content/uploads/2018/12/DSC02687-1-1024x742.jpg" alt="" data-id="205" data-link="http://wordpress.sventa-spring.de/?attachment_id=205#main" class="wp-image-205" srcset="http://wordpress.sventa-spring.de/wp-content/uploads/2018/12/DSC02687-1-1024x742.jpg 1024w, http://wordpress.sventa-spring.de/wp-content/uploads/2018/12/DSC02687-1-300x217.jpg 300w, http://wordpress.sventa-spring.de/wp-content/uploads/2018/12/DSC02687-1-768x557.jpg 768w, http://wordpress.sventa-spring.de/wp-content/uploads/2018/12/DSC02687-1-524x380.jpg 524w" sizes="auto, (max-width: 1024px) 100vw, 1024px" /></figure></li></ul>



<p>Für Lilus ersten Wurf haben wir uns für Dexter entschieden. Dexter besticht durch sein ruhiges und sehr freundliches Wesen, er ist allem Neuen sehr zugänglich ohne aufdringlich zu sein und durch seine ruhige Art ergänzt er Lilus freudig überdrehtes Wesen perfekt.&nbsp; Dexter ist mischerbig und so erwarten wir in unserem D-Wurf braune und schwarze Tupfenkinder.</p>



<p><strong>Ahnentafel der Welpen</strong></p>



<figure class="wp-block-image"><a href="http://wordpress.sventa-spring.de/wp-content/uploads/2019/02/0001.jpg"><img loading="lazy" decoding="async" width="3509" height="2480" src="http://wordpress.sventa-spring.de/wp-content/uploads/2019/02/0001.jpg" alt="" class="wp-image-355" srcset="http://wordpress.sventa-spring.de/wp-content/uploads/2019/02/0001.jpg 3509w, http://wordpress.sventa-spring.de/wp-content/uploads/2019/02/0001-300x212.jpg 300w, http://wordpress.sventa-spring.de/wp-content/uploads/2019/02/0001-768x543.jpg 768w, http://wordpress.sventa-spring.de/wp-content/uploads/2019/02/0001-1024x724.jpg 1024w, http://wordpress.sventa-spring.de/wp-content/uploads/2019/02/0001-538x380.jpg 538w" sizes="auto, (max-width: 3509px) 100vw, 3509px" /></a></figure>

<p>Wir erwarten Ende Dezember unseren D-Wurf Orion´s Belt Classy Clipper &#8222;Dexter&#8220; x Call Me Lilu of Sventa Spring &#8222;Lilu&#8220; Decktag: 26./27.10.2018&nbsp; &nbsp; &nbsp; &nbsp; &nbsp; &nbsp; &nbsp; &nbsp; &nbsp; &nbsp; &nbsp; &nbsp; &nbsp; &nbsp;Wurftag: ca. 29.12.2018 Für Lilus ersten Wurf haben wir uns für Dexter entschieden. Dexter besticht durch sein ruhiges und sehr freundliches Wesen, &hellip; <a href="http://wordpress.sventa-spring.de/?page_id=15" class="more-link">Weiterlesen <span class="screen-reader-text">D-Wurf</span></a></p>
